) = 53*k + 7. Let d be g(5). Suppose d = -i + 5*i. Suppose 0 = -3*y + 48 + 21. Calculate the remainder when i is divided by y.
22
Suppose -q = 4*r - 3, -2*r - 8 + 22 = -2*q. What is the remainder when (-7 + 153/18)/(3/8) is divided by r?
0
Let u = -141 - -155. Calculate the remainder when 124 is divided by u.
12
Let t be -2 - (0 + 6/(-3)). Let v be (t/(-2))/(1*-2). Suppose v = -3*z + z + 24. What is the remainder when 35 is divided by z?
11
Let f be (-218)/2 - (-2 + 4). Let y(v) = 2*v - 7. Calculate the remainder when (-2)/(1/(f/6)) is divided by y(10).
11
Let p be 9/9*(0 + -10). What is the remainder when 32 is divided by 348/30 + (-4)/p?
8
Suppose -2*o - 46 = -4*i - 0*o, -5*i + 2*o = -55. Suppose i = -3*y + 4*y. What is the remainder when 33 is divided by y?
6
What is the remainder when (-49)/(-14)*4/(-3)*-3 is divided by 9?
5
Suppose -6 = h - 3*s, 2*s - 3*s = -3. Suppose -i + 14 + 0 = 0. Suppose 2*k = h*k - i. Calculate the remainder when 27 is divided by k.
13
Let t(q) = -q + 1. Let p be t(-2). Let f(c) = 1 - p + 6*c + 9. What is the remainder when f(5) is divided by 10?
7
Let t(u) = u**2 + 15. Let h be (-1 + -1)/(-2) + 2. What is the remainder when (-1 + h)*(1 + 21) is divided by t(0)?
14
Let s = -4 + 10. Calculate the remainder when 32 is divided by s.
2
Let c(h) = -h**3 + 7*h**2 + 2*h - 3. Calculate the remainder when c(7) is divided by 3.
2
Suppose -17*z = -12*z - 105. What is the remainder when z is divided by -2 - (0 + -2 - 11)?
10
Suppose 0*f + f = 29. Suppose 10 = 2*c - 3*t, c + 5*t = -3 + 21. What is the remainder when f is divided by c?
5
Suppose -25*i + 24*i + 86 = 0. Calculate the remainder when i is divided by 22.
20
Let g(z) = 8*z**2 - z + 1. Suppose -c - 2 = -0*c. Suppose 2*r + 0*d - 11 = -5*d, 4*d - 16 = -2*r. Calculate the remainder when g(c) is divided by r.
17
Suppose -g - 1 = 0, 5*v - 53 = v + g. Let r = 131 - 93. Calculate the remainder when r is divided by v.
12
Let j be -4 + 1 + 3/3. Calculate the remainder when 27 is divided by (8 - -2)*(-3)/j.
12
Let k be (-2 - -3)*1 - 0. What is the remainder when 50/(-15)*108/(-10) is divided by -3*19/(-3)*k?
17
Let s be (-6)/3*7/2. What is the remainder when (-201)/(-7) + (-2)/s is divided by 10?
9
Let q(m) = -9*m - 4. Let b = -8 - 28. Let i = 51 + b. Calculate the remainder when q(-7) is divided by i.
14
Suppose h = -6*y + 3*y + 51, 19 = y + h. What is the remainder when 45 is divided by y?
13
Suppose 0 = 3*z + 5*c + 16, -z - 3*c - 7 = -3. Let h(v) = -6*v - 3. Suppose 2*i = 3*i - 10. Calculate the remainder when h(z) is divided by i.
9
Let l(x) = -x**2 - 8*x + 4. Let s be (-4)/(-2)*14/(-4). Calculate the remainder when 41 is divided by l(s).
8
Suppose g + o - 25 = -g, 53 = 4*g + 5*o. Suppose 3*s = -4*n + 139, -4*n - s = -0*n - 137. Calculate the remainder when n is divided by g.
10
Let p(s) = s**3 - 5*s**2 - 6*s + 6. Calculate the remainder when (396/48)/((-3)/(-4)) is divided by p(6).
5
Let y = 4 + -2. Suppose -y*l + 7 + 13 = 0. Calculate the remainder when 28 is divided by l.
8
Suppose -5*b - 50 = -2*a, 0 = -a - 0*a - 4*b + 12. Let i = -34 - -111. What is the remainder when i is divided by a?
17
Suppose 28 = h - 2*w, -h - w + 0*w + 13 = 0. Calculate the remainder when 53 is divided by h.
17
Suppose -g = g. Suppose g*j + 45 = 3*j. Suppose 28 = -2*s + 3*s. What is the remainder when s is divided by j?
13
Suppose 3*r - 39 - 6 = 0. Let v be -1 + 2 - (-2 + 0). Suppose 2*t = -4, v*g - 2*t - 30 = t. Calculate the remainder when r is divided by g.
7
Suppose 0*p + 18 = 3*p. Let j = 56 + -39. What is the remainder when j is divided by p?
5
Let u(m) = 2*m + 5. Let r(y) = 3*y + 10. Let h(s) = 4*r(s) - 9*u(s). What is the remainder when h(-5) is divided by 13?
12
Suppose -3*i = 2*b + 25, -2*b = -5*i + 3*b. Let l = i + 13. Calculate the remainder when 14 is divided by l.
6
Let n(j) = j + 7. Let w be n(-6). Suppose -2*c = -3 + w. Calculate the remainder when 1 is divided by c.
0
Let v be ((-3)/2)/((-2)/8). Let b = -87 - -125. What is the remainder when b is divided by (-4)/v + 123/9?
12
Suppose -4*g + 4 = 0, 2*d + 5*g + 0*g - 23 = 0. Let t be (-64)/10 + 2/5. What is the remainder when d/t*(-52)/3 is divided by 9?
8
Let v(h) = -h - 1. Let l be v(-4). Suppose -313 = -l*r - 49. Let o = -55 + r. Calculate the remainder when o is divided by 17.
16
Suppose 4*x + c - 2 = -0, -4*x - 2*c = -4. Suppose x = h + 3*h - 32. Let u = 14 - 9. Calculate the remainder when h is divided by u.
3
Let l = 21 + -21. Let b(h) = 2*h + 13. What is the remainder when 49 is divided by b(l)?
10
Let o(t) = -4*t**3 + 2*t + 2. What is the remainder when o(-1) is divided by 4?
0
Let t(r) = r - 1. Let x be t(-5). Calculate the remainder when ((-26)/x)/((-7)/(-42)) is divided by (-2)/(-8) - (-35)/4.
8
Let x = -27 + 40. Let q be 3 - (-3 - -1)/1. Suppose -3*l = 2*l - q*t - 135, 21 = l + t. What is the remainder when l is divided by x?
11
Calculate the remainder when -4*24/160 - 133/(-5) is divided by 16.
10
Let u(w) = 5*w - 5*w**2 - 11*w - 2*w**3 + w**3 - 4. Calculate the remainder when u(-4) is divided by 2.
0
Suppose -5*n = g - 532, 2*n - 3*g = g + 226. Let x = -49 + n. Suppose -2*u = -11 - 19. What is the remainder when x is divided by u?
13
Let h(c) = -3*c**3 + c**2 + c. Let a be h(-2). Let x = 41 - a. Calculate the remainder when 33 is divided by (2 + x - -2) + -2.
16
Let k(b) = -39 + 9*b**2 + 39 - 2*b. Suppose -2*u + 4 = -0*u. What is the remainder when k(u) is divided by 11?
10
Calculate the remainder when 66/5*(-75)/(-6) is divided by 42.
39
Let c(v) = -v**3 - 9*v**2 - 9*v + 1. Let w be (-3)/(-4) + 35/(-4). What is the remainder when 17 is divided by c(w)?
8
Let a(z) = 10*z**2 + 1. Calculate the remainder when a(-2) is divided by 14.
13
Let a(s) = s**3 + 8*s**2 + 3*s - 8. Let p be 6/3*-2 + -2. Let z(c) = c - 1. Let k be z(p). Calculate the remainder when a(k) is divided by 11.
9
Let u(s) = s**2 + 6*s + 2. What is the remainder when 33 is divided by u(-8)?
15
Suppose 4*p - 11 = 5. Suppose 0 = p*u + u - 20. Calculate the remainder when u is divided by 2.
0
Let n(m) = 20*m + 1. Let q be (-12)/(-8)*(-4)/(-6). Calculate the remainder when n(q) is divided by 12.
9
Let q(h) = h**3 + 13*h**2 + 10*h - 12. Calculate the remainder when q(-5) is divided by 35.
33
Let p be (-8)/(-3) + (-1)/(-3). Suppose 12 = 3*q - p. Let b(d) = -d**2 + 7*d - 7. Calculate the remainder when q is divided by b(5).
2
Let o = 151 + -123. What is the remainder when 61 is divided by o?
5
Suppose -2 = 2*s - 0. Calculate the remainder when 42 is divided by (-3 - -23) + 3 + s.
20
Suppose 4*c = c + 33. What is the remainder when (-1)/(1 + (-33)/32) is divided by c?
10
Suppose -x + 31 = 2*p, -4*p + 2*x + 35 = -31. Let j(v) = 4*v - 30. What is the remainder when p is divided by j(9)?
4
Let k(s) = s**2 + 10*s + 12. Let w be k(-9). Suppose 4*d + 3*h = 108, 84 = w*d + d - 3*h. Calculate the remainder when d is divided by -1 - (-14 - (1 - 1)).
11
Suppose 0 = -2*q - 6*q + 80. Let d(y) be the second derivative of y**4/12 + 2*y**3/3 + 3*y**2 + y. Calculate the remainder when d(-7) is divided by q.
7
What is the remainder when 12 is divided by 2*-7*4/(-8)?
5
Suppose -32 = 2*j - 6*j. Suppose n + 4*n + 40 = 0. What is the remainder when (n/(-10))/((-4)/(-70)) is divided by j?
6
Let g(m) = m**3 - 9*m**2 - 22*m + 12. What is the remainder when 46 is divided by g(11)?
10
Let z = -47 - -24. Let a = z + 32. What is the remainder when a is divided by 6?
3
Suppose -2*v = -m - 3*v + 3, -m - 3*v + 7 = 0. Calculate the remainder when m is divided by 1.
0
Suppose -u - 2*u + 15 = 0. Let q be -3*(0 + (-8)/6). Suppose 0 = 5*b - q*i - 66, 0*i = -b + 2*i + 12. What is the remainder when b is divided by u?
4
Let n = 20 + -9. Calculate the remainder when n is divided by 5.
1
Suppose 4 = 5*b + w, -b + 2*b = 2*w + 3. Let r be 1/b*(3 + -2). What is the remainder when 38 is divided by (0/r)/(-3) - -13?
12
Suppose 3 = -3*o + 15. Suppose -x = x - o. Suppose -x*d = -0*d - 38. Calculate the remainder when 56 is divided by d.
18
Let p = -12 - -33. Let y = 3 + -2. Let a(v) = 63*v**2 - 1. What is the remainder when a(y) is divided by p?
20
Let o be 5 + -8 + -1*1. Suppose 84 = 3*a - i, 5*i - 84 = 3*a - 6*a. What is the remainder when a is divided by 50/o*(-24)/20?
13
Suppose -6 = -5*m + n - 3*n, 